 are the prime factors of j(-3)?
2, 29
Suppose -5*x + 142 = 5*w + 32, 70 = 5*x - 3*w. What are the prime factors of x?
17
Let y(j) = -j**2 - j - 71. Let n be y(0). What are the prime factors of (1 + n)/(-2) + -3?
2
Let g = 7 + -13. Let r = g - -10. List the prime factors of r.
2
Let m(u) be the first derivative of -1/2*u**2 + 2/3*u**3 + 0*u + 1/2*u**4 - 1. What are the prime factors of m(1)?
3
Suppose 0 = 2*x - 5 + 1. Suppose x*m = 4 + 4. What are the prime factors of m?
2
Let g(d) be the first derivative of -d**3/3 + 4*d**2 - 4*d + 4. List the prime factors of g(4).
2, 3
Suppose 13 = -3*u + p, 3*p + 0 = 12. Let s = 6 + u. What are the prime factors of s?
3
Suppose 0 = 5*g + 3*t - 65 + 10, -t + 37 = 4*g. What are the prime factors of (2 + 0 + g)*1?
2, 5
Let f = 36 + -34. What are the prime factors of f?
2
Let r(t) = t**3 - 5*t**2 - 6*t + 8. Let l be 8 + 1 - 2 - 1. Let n be r(l). Let i = n + 0. List the prime factors of i.
2
Let r = -6 - -10. Suppose 0 = -3*a + 6 + 24. Let t = a - r. List the prime factors of t.
2, 3
Let p be 24/10*5/2. Let v(c) = -c**3 + 5*c**2 + 7*c + 2. What are the prime factors of v(p)?
2
Suppose 5*m + 5*m = 1960. What are the prime factors of m?
2, 7
Let v be 148/18 + 2/(-9). Suppose -g + v = -11. List the prime factors of g.
19
Let z be (-2)/4 - 35/(-14). Suppose 8 - z = a. List the prime factors of a.
2, 3
Suppose 4*y + 2*k = 60, 2*y - 75 = -3*y + 3*k. Let g = -5 + 5. Suppose 5*z - 15 - y = g. What are the prime factors of z?
2, 3
What are the prime factors of (15168/160)/((4/10)/1)?
3, 79
Suppose -2*p = 3*c - 6 - 5, 5*p = 3*c - 4. Let t be (-222)/24 - p/(-4). Let m = t - -17. List the prime factors of m.
2
Suppose 4*c - 141 + 13 = -4*g, -5*g = -5*c + 140. Suppose f + 2 = -2*d, -f - 4 = -5*d - c. Suppose -y = -4*y + f. List the prime factors of y.
2
Let u = -3 + 6. Let x be (-2)/(-6) - (-1 - 122/3). Suppose -u*d - 4*v = -x, 9 - 50 = -5*d + 3*v. What are the prime factors of d?
2, 5
Let b = 10 + 120. Suppose 0 = 8*f - 3*f - b. What are the prime factors of f?
2, 13
Suppose 4*y = y + 51. Suppose -u = 5 - y. List the prime factors of u.
2, 3
Let p(r) = r**2 + 6*r - 11. Let g be p(-8). Suppose 4 = 3*y - g. What are the prime factors of y?
3
Suppose -2*q - 14 = -4*k, -6*q + 2*q = 2*k - 12. Let w(r) = 1 + 3*r - 2*r - k. List the prime factors of w(7).
2
Suppose 4*s = s. Suppose 5 = -s*t + t. What are the prime factors of t?
5
Let l(j) = j**3 - 6*j**2 - 8*j + 6. Let g be l(7). Let d = g + 0. List the prime factors of (-82)/(-10) - d/(-5).
2
Let v(k) = -2*k + 4. Let l be v(-8). Suppose 5*r - l = 15. What are the prime factors of r?
7
Suppose 4*g + g + 2*a - 31 = 0, 0 = -g + 3*a - 4. List the prime factors of g.
5
Suppose -4*l = -k - 29, 27 = 3*l - 5*k - 16. Let n = l - -37. What are the prime factors of n?
43
List the prime factors of -4*(-4)/(-4) - 89*-4.
2, 11
Let w(j) = 349*j**2 + 7*j + 1. List the prime factors of w(-1).
7
Suppose 0 = -2*q + 2*a - 2, 6 = 4*q - a - 5. Suppose 0 = -q*z + z + 48. List the prime factors of z.
2
Suppose -5*o - 5*k - 10 = 0, 4*o - 6*o = k. Suppose 3*n = -3*m + 102, -3*n - o*n = 3*m - 162. List the prime factors of n.
2, 3, 5
Suppose 65 = -6*x + x. Let f = x - -31. List the prime factors of f.
2, 3
Let f(g) = 56*g**3 + g**2 + 2*g - 2. List the prime factors of f(1).
3, 19
Let n = -17 + 2. Suppose -6*i + 3*i = -2*b - 418, -3*i + 5*b = -415. List the prime factors of (-6)/4*i/n.
2, 7
Let y = -3 + 22. List the prime factors of y.
19
Let l be (-6)/(-15) + (-3444)/(-15). Suppose -b + l = -q + 6*q, -q + 46 = 3*b. List the prime factors of q.
2, 23
Suppose -4*t - 15 = -9*t. Suppose t*k - k = 48. Suppose 0 = 2*x + a - 31 + 7, 2*x - k = a. What are the prime factors of x?
2, 3
Let y = 5 - 0. Suppose -y = -i - w, -2*i = -w - w - 26. List the prime factors of i.
3
Suppose j + 3*x = 24, 4*j = -3*x + 54 + 15. What are the prime factors of j?
3, 5
Suppose 4*u = 76 + 48. What are the prime factors of u?
31
Suppose -5 = o - 4*a - 13, -5*a = 10. Suppose 0 = -f - o*f + 9. List the prime factors of f.
3
Let s(h) = h**3 + 10*h**2 - 15*h + 16. List the prime factors of s(-11).
2, 3, 5
Let s be 6 - (-2 - -1)*-2. Let v be -1*(5 - 3 - s). Suppose v*u - 4 = 6. What are the prime factors of u?
5
Let j(x) = -7*x + 4. Let h(q) be the first derivative of -3*q**2 + 4*q + 1. Let a(i) = -6*h(i) + 5*j(i). List the prime factors of a(6).
2
Let t(b) = b**3 - 2*b**2 - 3*b + 25. Let s(q) = q**3 - q**2 - 2*q + 26. Let h(k) = 3*s(k) - 2*t(k). List the prime factors of h(0).
2, 7
Suppose -2 = -4*l + 2*m + 304, -2*l - 5*m = -147. List the prime factors of l.
2, 19
Let q(u) = 5*u**2 + 2*u + 6. List the prime factors of q(-5).
11
Suppose 4*z - 3*i + 6 = z, -5*z = -2*i + 4. Suppose 0*l - 3*l + 42 = z. List the prime factors of l.
2, 7
Let a = 158 - 95. List the prime factors of a.
3, 7
Let p be 5*(-1 - 14/(-10)). Suppose -5*c = 3*v - 2*v + 53, 0 = -4*c + p*v - 34. List the prime factors of 2*(-1)/2*c.
2, 5
Let q be (-99)/6*4/6. Let t = -7 - q. List the prime factors of t.
2
Let t be (-2)/(1*6/33). Let k = t - -19. What are the prime factors of k?
2
Let g = 15 + -21. What are the prime factors of (-32)/g*(-6)/(-4)?
2
Let b(g) = -3*g - 3. Let d(o) be the second derivative of -o**3/3 - o**2/2 - 2*o. Let m(w) = -3*b(w) + 5*d(w). List the prime factors of m(0).
2
Suppose 2*g - 27 = g. Let q = -12 + g. List the prime factors of q.
3, 5
Let b be 2*(1227/6 - -1). What are the prime factors of b/27 - 4/18?
3, 5
Let n = -3 + 1. What are the prime factors of -6*n/(-4)*-5?
3, 5
List the prime factors of 848/80 + (-6)/10.
2, 5
Let y(z) = z. Let r = 11 - 0. List the prime factors of y(r).
11
Suppose -5*a + 3 = -7. Suppose j - g = 4, 0*g - 3*g = -j + a. Suppose v + j = 17. List the prime factors of v.
2, 3
Let j(d) = d**3 - 6*d**2 + 2*d - 8. Let p be j(6). Suppose 3*b + 15 = 0, 2*k - k = p*b + 31. Suppose -17 = -4*z + k. What are the prime factors of z?
7
Let o(l) = l**3 + 4*l**2 - 2. Let s(i) = i**2 - 5*i + 3. Let g be s(3). What are the prime factors of o(g)?
7
List the prime factors of (2 - 3)/(2/(-96)).
2, 3
Suppose 61*g + 1560 = 66*g. List the prime factors of g.
2, 3, 13
Suppose 4*r = -81 + 1125. What are the prime factors of r?
3, 29
Let u(d) = -130*d - 40. Let k(l) = -10*l - 3. Let w(x) = -40*k(x) + 3*u(x). Let c be w(1). Suppose c = -5*z - 0*z, -g + z = -6. List the prime factors of g.
2
Suppose -74 = -4*s - 42. Let n be (17 - 1) + 0/1. Let d = n - s. What are the prime factors of d?
2
Let c be (-74)/(-14) - (-4)/(-14). Let z be 0 + (-1)/(1/2). Let x = c + z. List the prime factors of x.
3
What are the prime factors of (142/(-10))/(3/(-15))?
71
List the prime factors of (57/15 + -2)/((-6)/(-690)).
3, 23
Suppose -2*q = 2*v - 12, -2*v + v + 2*q + 6 = 0. Let u be 8/(-6) + 2/v. List the prime factors of 12/2 + (-3)/u.
3
Let t = -6 - -11. What are the prime factors of t?
5
Suppose 3*t - 3 = -3*u, 6 - 4 = -2*u - t. Let p = u + -11. Let m = p + 33. What are the prime factors of m?
19
Let r = 1 + 0. Let o be 2 + -2 - 1 - r. Let u = 8 + o. What are the prime factors of u?
2, 3
Let c(a) = a**3 + 2*a**2 + 8*a - 11. List the prime factors of c(4).
3, 13
Let u be -19*(5*4)/(-1). Suppose 0 = -q - 4*q - u. What are the prime factors of (-2)/(-8) + q/(-16)?
5
Let r = -4 - -3. Let g = 19 - r. List the prime factors of g.
2, 5
Suppose -4*o + 221 = 5*q, -q + o - 127 = -4*q. List the prime factors of q.
41
List the prime factors of 1437/6*1 + 4/8.
2, 3, 5
Let t(d) = -14*d + 2. Suppose 0 = -7*y + 2*y + 2*c - 3, -5*y - 4 = -c. What are the prime factors of t(y)?
2
Let l(v) = 2*v**3 - 2*v**2 - 2*v. Let i be l(2). Let o = 10 - 16. What are the prime factors of 3/o + 14/i?
3
List the prime factors of (230/25)/(4/10).
23
Let n(t) = 2*t**3 + 4*t**2 - 4*t. List the prime factors of n(3).
2, 3, 13
Let t be (-4 + 2)/2*-3. Suppose 2*b - t*b = -5. List the prime factors of b.
5
Let s be (2/3)/(3/(-9)). Let j = 4 + s. List the prime factors of j.
2
Suppose -76 = -2*u + 4*a, a = 5*u + 2*a - 168. List the prime factors of u.
2, 17
Let t = 106 + -184. Let l = 112 + t. What are the prime factors of l?
2, 17
Suppose 0 = -j - c + 3, -c = 3*c + 12. Suppose 3*r - 93 = -5*a, j*r - 75 = 3*r + a. List the prime factors of r.
2, 13
Let u(f) = f**2 - 8*f + 12. Suppose 3*c + 0*c = l + 24